+ 440 = 0. Let h = -15 - -25. Calculate the greatest common factor of n and h.
10
Suppose -4*x = -3*r + 43, 3*r = -x + 21 + 32. Calculate the highest common divisor of 68 and r.
17
Let r(c) = c**3 - c**2 - c - 3. Let u be r(3). What is the greatest common divisor of u and 4?
4
Let q = 7 - 5. Suppose q*i - 72 = -4*l, 4*i - 3*l - 47 - 64 = 0. What is the greatest common factor of i and 15?
15
Let w = 1 - 2. Let q = 2 + w. Let l = 3 + 2. Calculate the greatest common divisor of q and l.
1
Suppose 2*w = -0*w + 20. Let k = 323 + -253. What is the greatest common factor of k and w?
10
Let a be (51/4)/(6/16). What is the greatest common factor of 17 and a?
17
Let n(s) = 3*s**3 - 8*s**2 + 4*s + 5. Let u be n(5). Let f = -1 + 3. Suppose f = l - 23. What is the greatest common divisor of u and l?
25
Suppose -21*g + 23*g = 64. Calculate the greatest common divisor of 352 and g.
32
Let t be (-64)/(-10) + 3/5. Suppose 0 = 4*u - 3*l - 880, -u - t*l + 197 = -2*l. What is the highest common divisor of u and 31?
31
Suppose -4*g - 4*x = -64, -4*x + 2*x = -6. What is the highest common divisor of g and 65?
13
Let b be (-1078)/(-6) + 4/12. What is the greatest common factor of b and 20?
20
Let x(w) = -w**2 - 8*w + 2. Let b be x(-8). Calculate the highest common factor of b and 2.
2
Let f = -37 + 54. Let r = 27 - f. Calculate the greatest common divisor of 10 and r.
10
Let s be 13 - (5 - (0 + 2)). Calculate the highest common divisor of 20 and s.
10
Let l(v) = v**3 - v**2 - 4. Let n be l(0). Let y(f) = -f**3 - 4*f**2 - 2*f + 2. Let d be y(n). What is the highest common divisor of 110 and d?
10
Let k(q) = -q**2 + 3*q + 3. Let y be k(3). Suppose 0 = -y*x + 18 + 6. What is the highest common divisor of 88 and x?
8
Let m be (0 - 12)/((-5)/(-10)). Let t be (-4)/(-3)*m/(-16). What is the greatest common divisor of t and 10?
2
Let t(s) = -s**3 + 11*s**2 + 12*s + 2. Let o be t(12). Suppose -o = -u - 4. Let g = 62 + u. Calculate the highest common divisor of 24 and g.
12
Let x = -1 - -25. What is the greatest common factor of 60 and x?
12
Suppose -3*u + 3*q + 25 = 7, u - 3*q = 4. What is the greatest common divisor of 42 and u?
7
Let d = -175 - -428. Let v(f) = 6*f**2 - 2*f + 3. Let i be v(2). Calculate the highest common factor of d and i.
23
Let x(y) = 0 + 0 + 1 - 7*y**3 - y**2. Let r be x(-1). Suppose -140 = -85*n + 81*n. What is the highest common divisor of r and n?
7
Suppose -2*o + 6 = o. Suppose 3*v = -5*t + 9, -4*t - o + 4 = 5*v. Let k = 96 + -63. What is the highest common factor of t and k?
3
Let t = -2 + 14. Let v = 23 - t. Let z = 28 + -6. Calculate the highest common divisor of z and v.
11
Suppose -x = -1 - 0. Let j(h) = 59*h**2 + 1. Let z be j(x). Calculate the greatest common factor of z and 24.
12
Let m be ((-6)/4)/(8/160*-5). What is the greatest common factor of 6 and m?
6
Let i = 73 - 23. Suppose -k = 4*k - i. Calculate the highest common divisor of 110 and k.
10
Suppose -3*r + 255 = 5*v - 2*v, -2*v = 6. What is the greatest common divisor of r and 22?
22
Suppose -4*l + 0*l = -56. Let k = -30 + 86. Let w = k + -14. Calculate the greatest common divisor of l and w.
14
Let z be ((-34)/(-6))/((-4)/(-120)). Suppose z = 7*b - 2*b. Suppose 5*q - b = 66. What is the highest common divisor of 5 and q?
5
Suppose -2*x = -5*x - 306. Let y = 66 - x. Let r = 42 - 18. What is the greatest common divisor of y and r?
24
Let d(o) = o**2 - 6*o + 4. Let b be d(6). Suppose 0*k + 4 = 5*k + p, 0 = -3*k - 2*p + 8. Let q = 1 - k. Calculate the highest common divisor of q and b.
1
Let h be ((2 - 8)/18)/((-1)/24). Calculate the highest common factor of 24 and h.
8
Let r = 9 + -11. Let n be r/(-4) + 11/2. Calculate the highest common divisor of 9 and n.
3
Suppose 2*k + 19 = 3*g, 4*g + 0*k = -3*k + 14. What is the highest common divisor of g and 35?
5
Let w(i) = -12*i + 10. Let m be w(-12). What is the greatest common factor of 14 and m?
14
Let d be (64/(-6))/((-2)/6). Let r(c) = c - 2 + 1 - 4 + 0. Let n be r(9). What is the highest common factor of d and n?
4
Let f = 143 - 101. Let x(s) = -4*s + 12. Let a be x(-11). Suppose 0*i = -3*j - 5*i + 42, 4*j - 4*i = a. Calculate the highest common factor of f and j.
14
Let s be -3*(-292)/6 - -4. What is the greatest common factor of s and 60?
30
Let k be ((-5)/4)/(((-10)/48)/5). Calculate the greatest common factor of 45 and k.
15
Suppose 313 = 3*m + 7. What is the highest common divisor of 34 and m?
34
Let g(o) = -31*o - 12. Let z be g(-5). What is the highest common factor of 13 and z?
13
Let n = 2 + -4. Let p be n + 3*-47 - 1. Let h be p/(-14) + (-4)/14. Calculate the greatest common divisor of 25 and h.
5
Suppose 0 = -3*v - 2 - 1. Let h be 36 + 1 + v - 0. What is the highest common factor of h and 12?
12
Suppose -4*o - 2*d + 12 = 0, 5*o - 5*d + 1 + 14 = 0. Let h = 0 - -11. What is the greatest common factor of h and o?
1
Suppose -2*l - 5*h = 11 + 6, -l - 6 = 2*h. Suppose v = l*v - 42. Calculate the greatest common factor of v and 98.
14
Let n(m) = -4 + 2*m - 4*m + m - m**2 + 0*m. Let t be n(0). Let y be ((-32)/10)/(t/20). What is the highest common factor of y and 8?
8
Suppose 8*l = 14*l - 60. Suppose 28 = 5*w + 2*c, 0*w + 2*w + c - 12 = 0. What is the greatest common divisor of w and l?
2
Let b = -46 + 140. Suppose -3*w - w = -3*r - 102, 0 = 4*w + r - b. What is the highest common factor of w and 12?
12
Let m(c) be the first derivative of -5*c**4/4 - c**3 - c**2/2 + 4*c - 1. Let k be m(-3). Calculate the highest common divisor of k and 46.
23
Let h = 144 + -90. Calculate the greatest common factor of h and 18.
18
Let z = -4 + 2. Let g be (0 - z) + 15 + -3. Calculate the highest common factor of g and 70.
14
Suppose -3*v + 112 = -23. Calculate the highest common divisor of 315 and v.
45
Suppose 0 = -3*u - 3*z + 42, u + 5*z + 2 = 24. Calculate the highest common factor of 132 and u.
12
Suppose 0 = 4*a - 118 - 14. Suppose -o - 2 + 1 = 0. Let c(s) = 10*s**2 - 2*s - 1. Let k be c(o). Calculate the highest common divisor of k and a.
11
Let h(c) = 26*c - 76. Let t be h(4). Suppose 4*o + 2*x - 268 + 96 = 0, x = 3*o - 124. Calculate the highest common divisor of o and t.
14
Let w be -133*(6/2)/(-3). Let v be w/7 - (1 - -2). Let h(b) = -4*b**3 - 2*b**2 + 2*b - 4. Let a be h(-3). What is the highest common divisor of a and v?
16
Let k = -5 + 1. Let g(q) be the third derivative of -11*q**4/12 + 6*q**2. Let l be g(k). Calculate the highest common factor of 11 and l.
11
Suppose 5*v - 834 = u + u, 4*v + 2*u - 678 = 0. What is the greatest common divisor of 21 and v?
21
Let s(g) = -g + 11. Let w be s(8). Suppose w*d - 5*d = -20. Let b be 1258/d + (-1)/(-5). What is the highest common divisor of 14 and b?
14
Let x be 1935/(-6) - 3/(-6). Let d be 12/(7/(x/(-3))). What is the highest common divisor of 23 and d?
23
Let o be -4 + ((-768)/(-4))/3. Let q be ((-3)/(-3))/((-1)/(-6)). Calculate the highest common divisor of q and o.
6
Suppose 4*y - 5 = -2*c - 3*c, -5*y - 4*c = -13. Suppose 2*p = y*v + 25, 5*v + 0*v + 20 = p. Calculate the greatest common divisor of 25 and p.
5
Let r(h) = h**2 + 6*h + 11. Let t be r(-8). What is the greatest common factor of t and 9?
9
Suppose -4*l - 14 - 21 = -u, -l - 175 = -5*u. Calculate the highest common factor of u and 5.
5
Let m be 6/21*7*1. Let h = 4 + m. Calculate the highest common factor of 42 and h.
6
Suppose -5*z + 13 + 242 = 0. Calculate the greatest common factor of 3 and z.
3
Suppose 15 = r - 5*v, 3*r + 3*v - 7 = 20. Suppose 4*n - r = 6. Suppose n*m - 7*m + 27 = 0. Calculate the highest common divisor of 27 and m.
9
Suppose 15*r + 120 = 20*r. Calculate the greatest common divisor of r and 48.
24
Let g(f) = f**3 + 14*f**2 - 17*f - 9. Let q be g(-15). Let m be 1*q/3*2. Calculate the highest common divisor of 35 and m.
7
Let g(f) = f + 1. Let j be g(2). Suppose 0 = -j*b + 2*b + 5. What is the highest common divisor of b and 5?
5
Let q be (-14)/(-49) - 194/(-7). What is the greatest common factor of q and 4?
4
Let x(m) = 3*m + 3 - 4 + 4 - m**2 - 2*m. Let u be x(0). Calculate the highest common divisor of 24 and u.
3
Let r(p) = 3*p + 14. Let x be r(-6). Let n = x + 7. What is the greatest common divisor of n and 3?
3
Suppose a - 22 = -7. Calculate the highest common factor of 60 and a.
15
Let b(i) = -2*i - 5. L